{"id":8960,"date":"2024-10-02T11:42:54","date_gmt":"2024-10-02T09:42:54","guid":{"rendered":"http:\/\/www.perepascual.com\/?page_id=8960"},"modified":"2024-10-02T12:55:44","modified_gmt":"2024-10-02T10:55:44","slug":"bio","status":"publish","type":"page","link":"http:\/\/www.perepascual.com\/?page_id=8960","title":{"rendered":"Bio"},"content":{"rendered":"\t\t<div data-elementor-type=\"wp-page\" data-elementor-id=\"8960\" class=\"elementor elementor-8960\">\n\t\t\t\t\t\t<section class=\"elementor-section elementor-top-section elementor-element elementor-element-89b44ef elementor-section-boxed elementor-section-height-default elementor-section-height-default\" data-id=\"89b44ef\" data-element_type=\"section\" data-e-type=\"section\">\n\t\t\t\t\t\t<div class=\"elementor-container elementor-column-gap-default\">\n\t\t\t\t\t<div class=\"elementor-column elementor-col-100 elementor-top-column elementor-element elementor-element-1962574\" data-id=\"1962574\" data-element_type=\"column\" data-e-type=\"column\">\n\t\t\t<div class=\"elementor-widget-wrap elementor-element-populated\">\n\t\t\t\t\t\t<div class=\"elementor-element elementor-element-4e8e6ad elementor-widget__width-initial elementor-widget elementor-widget-text-editor\" data-id=\"4e8e6ad\" data-element_type=\"widget\" data-e-type=\"widget\" data-widget_type=\"text-editor.default\">\n\t\t\t\t<div class=\"elementor-widget-container\">\n\t\t\t\t\t\t\t\t\t<p>Pere Pascual Artista visual<\/p><p>\u00a0<\/p><p>\u00a0<\/p><p>Fot\u00f3grafo profesional desde 1990, en \u00e1mbitos de la fotograf\u00eda como la arquitectura, gastronom\u00eda. Publicidad y el reportaje de viajes.<\/p><p>\u00a0<\/p><p>\u00a0<\/p><p>Estudios fotogr\u00e1ficos en la escuela Gris-art, de Barcelona. Iluminaci\u00f3n y gran formato.<\/p><p>\u00a0<\/p><p>He colaborado en diversos proyectos fotogr\u00e1ficos para publicaciones de viajes:<\/p><p>\u00a0<\/p><p>Descobrir Catalunya<\/p><p>Descubrir<\/p><p>Alta\u00efr<\/p><p>Pen\u00ednsula<\/p><p>Zazpica (Pa\u00eds Vasco)<\/p><p>El Mundo de los Pirineos<\/p><p>Viajar<\/p><p>Cond\u00e9 Nast Traveler<\/p><p>Clara<\/p><p>Catalunya News, dep. Asuntos exteriores Generalitat de Catalunya<\/p><p>Viajes National Geographic<\/p><p>\u00a0<\/p><p>As\u00ed como rutas gastron\u00f3micas:<\/p><p>Descubrir Cuina, Ed. 62<\/p><p>\u00a0<\/p><p>Adem\u00e1s de publicaciones en los semanales de:<\/p><p>\u00a0<\/p><p>El Pa\u00eds<\/p><p>El Peri\u00f3dico<\/p><p>El Semanal<\/p><p>Coup de Fouet, sobre el Modernismo<\/p><p>\u00a0<\/p><p>\u00a0\u00a0\u00a0\u00a0\u00a0\u00a0\u00a0\u00a0\u00a0\u00a0\u00a0\u00a0\u00a0\u00a0\u00a0\u00a0\u00a0\u00a0\u00a0\u00a0\u00a0\u00a0\u00a0\u00a0\u00a0\u00a0\u00a0\u00a0\u00a0\u00a0\u00a0\u00a0\u00a0\u00a0\u00a0\u00a0\u00a0\u00a0\u00a0\u00a0\u00a0\u00a0\u00a0\u00a0\u00a0\u00a0\u00a0\u00a0\u00a0\u00a0\u00a0\u00a0\u00a0\u00a0\u00a0\u00a0\u00a0\u00a0\u00a0\u00a0\u00a0\u00a0\u00a0\u00a0\u00a0\u00a0\u00a0\u00a0\u00a0\u00a0\u00a0\u00a0\u00a0\u00a0\u00a0\u00a0\u00a0\u00a0\u00a0\u00a0\u00a0\u00a0\u00a0\u00a0<\/p><p>\u00a0<\/p><p>\u00a0<\/p><p>Cobertura y fondo fotogr\u00e1fico para la UNESCO, F\u00f3rum de Culturas, Barcelona.<\/p><p>\u00a0<\/p><p>Departamento de Pol\u00edtica Territorial y Obras P\u00fablicas. Direcci\u00f3n General de Arquitectura y Paisaje<\/p><p>\u00a0<\/p><p>Realizaci\u00f3n de fotograf\u00edas panor\u00e1micas para las l\u00e1minas de los materiales did\u00e1cticos de ESO. \u201cCiudad, territorio y paisaje\u201d Generalitat de Catalu\u00f1a.<\/p><p>\u00a0<\/p><p>\u00a0<\/p><p>Coautor de las fotograf\u00edas de diversos libros,<\/p><p>\u00a0<\/p><p>Masies de Catalunya, Angle Editorial.<\/p><p>\u00a0<\/p><p>Casas de Indianos, Angle Editorial.<\/p><p>\u00a0<\/p><p>Barris Antiguos de Catalu\u00f1a, Angle Editorial.<\/p><p>\u00a0<\/p><p>La cuina d\u2019Ignasi Dom\u00e8nech, Angle Editorial.<\/p><p>\u00a0<\/p><p>El Rom\u00e1nico Catal\u00e1n, Angle Editorial.<\/p><p>\u00a0<\/p><p>La Farga Lacambra, Angle Editorial.<\/p><p>\u00a0<\/p><p>Guapos per Sempre, Institut Municipal de Paisatge Urb\u00e0, Ayuntamiento de Barcelona<\/p><p>\u00a0<\/p><p>Tradici\u00f3 i Progr\u00e9s, llibre de la Granada, Ed. Andana<\/p><p>\u00a0<\/p><p>Cases D\u2019Indians, Ed. Cobre<\/p><p>\u00a0<\/p><p>\u00a0<\/p><p>Noviembre del 2004, Exposici\u00f3n colectiva al Palau Robert de Barcelona,\u00a0 sobre Catalu\u00f1a.<\/p><p>\u00a0<\/p><p>Exposici\u00f3n Firart 2009. Vilafranca del Pened\u00e8s<\/p><p>\u00a0<\/p><p>Premio honorifico concurso El M\u00e9xico de los Mexicanos, M\u00e9xico D.F. 2009<\/p><p>\u00a0<\/p><p>Primer premio Sony World Photography Awards, categoria Historia Natural 2010<\/p><p>\u00a0<\/p><p>Exposici\u00f3n Firart 2010. Vilafranca del Penedes<\/p><p>\u00a0<\/p><p>Exposici\u00f3n\u00a0 Photokina 2010 con World Photograpy Organisation<\/p><p>\u00a0<\/p><p>Exposici\u00f3n\u00a0 Shanghai 2010 con World Photograpy Organisation<\/p><p>\u00a0<\/p><p>Exposici\u00f3n\u00a0 Sao Paulo 2010 con World Photograpy Organisation<\/p><p>\u00a0<\/p><p>Exposici\u00f3n\u00a0 San Francisco 2010 con World Photograpy Organisation<\/p><p>\u00a0<\/p><p>Exposici\u00f3n\u00a0 Polonia 2010 con World Photograpy Organisation<\/p><p>\u00a0<\/p><p>Exposici\u00f3n\u00a0 Cannes 2010 con World Photograpy Organisation<\/p><p>\u00a0<\/p><p>Exposici\u00f3n Careyes, M\u00e9xico 2011 Art Careyes Gallery<\/p><p>\u00a0<\/p><p>100 best photos of the NATIONAL GEOGRAPHIC Photo Contest 2012<\/p><p>\u00a0<\/p><p>Exposici\u00f3n FineArt Igualada, \u201cM\u00e9xico,\u00a1\u00a1 Ay Guey!!\u201d<\/p><p>\u00a0<\/p><p>100 best photos of the NATIONAL GEOGRAPHIC Photo Contest 2012<\/p><p>\u00a0<\/p><p>Exposici\u00f3n \u201cMexicans\u201d\u00a0 Galeria Studioglass, Barcelona 2014.<\/p><p>\u00a0<\/p><p>Exposici\u00f3n \u201cMexicans\u201d Capella de Sant Joan, Vilafranca del Pened\u00e8s, 2014<\/p><p>\u00a0<\/p><p>Exposici\u00f3n Fundaci\u00f3 Vilacasas, Torroella de Montgr\u00ed, 2014<\/p><p>\u00a0<\/p><p>Exposici\u00f3n Vinseum \u201cTemps i silencis\u201d capella St. Pelegr\u00ed 2015<\/p><p>\u00a0<\/p><p>Exposici\u00f3n La Fassina de can Guineu, Sant Sadurn\u00ed D\u2019Anoia 2016<\/p><p>\u00a0<\/p><p>Exposici\u00f3n \u201cMarca D\u2019Aigua! Sala Trinitaris. Vilafranca del Pened\u00e8s. 2022<\/p><p>\u00a0<\/p><p>Exposici\u00f3n \u201cLa cambra de les maravelles\u201d. La Casa Elizalde, Barcelona. 2024<\/p><p>\u00a0<\/p><p>\u00a0<\/p>\t\t\t\t\t\t\t\t<\/div>\n\t\t\t\t<\/div>\n\t\t\t\t\t<\/div>\n\t\t<\/div>\n\t\t\t\t\t<\/div>\n\t\t<\/section>\n\t\t\t\t<\/div>\n\t\t","protected":false},"excerpt":{"rendered":"<p>Pere Pascual Artista visual \u00a0 \u00a0 Fot\u00f3grafo profesional desde 1990, en \u00e1mbitos de la fotograf\u00eda como la arquitectura, gastronom\u00eda. Publicidad y el reportaje de viajes. \u00a0 \u00a0 Estudios fotogr\u00e1ficos en la escuela Gris-art, de Barcelona. Iluminaci\u00f3n y gran formato. \u00a0 He colaborado en diversos proyectos fotogr\u00e1ficos para publicaciones de viajes: \u00a0 Descobrir Catalunya Descubrir Alta\u00efr [&hellip;]<\/p>\n","protected":false},"author":1,"featured_media":0,"parent":0,"menu_order":0,"comment_status":"closed","ping_status":"closed","template":"","meta":{"site-sidebar-layout":"no-sidebar","site-content-layout":"page-builder","ast-site-content-layout":"full-width-container","site-content-style":"default","site-sidebar-style":"default","ast-global-header-display":"","ast-banner-title-visibility":"","ast-main-header-display":"","ast-hfb-above-header-display":"","ast-hfb-below-header-display":"","ast-hfb-mobile-header-display":"","site-post-title":"disabled","ast-breadcrumbs-content":"","ast-featured-img":"disabled","footer-sml-layout":"","ast-disable-related-posts":"","theme-transparent-header-meta":"","adv-header-id-meta":"","stick-header-meta":"","header-above-stick-meta":"","header-main-stick-meta":"","header-below-stick-meta":"","astra-migrate-meta-layouts":"default","ast-page-background-enabled":"default","ast-page-background-meta":{"desktop":{"background-color":"","background-image":"","background-repeat":"repeat","background-position":"center center","background-size":"auto","background-attachment":"scroll","background-type":"","background-media":"","overlay-type":"","overlay-color":"","overlay-opacity":"","overlay-gradient":""},"tablet":{"background-color":"","background-image":"","background-repeat":"repeat","background-position":"center center","background-size":"auto","background-attachment":"scroll","background-type":"","background-media":"","overlay-type":"","overlay-color":"","overlay-opacity":"","overlay-gradient":""},"mobile":{"background-color":"","background-image":"","background-repeat":"repeat","background-position":"center center","background-size":"auto","background-attachment":"scroll","background-type":"","background-media":"","overlay-type":"","overlay-color":"","overlay-opacity":"","overlay-gradient":""}},"ast-content-background-meta":{"desktop":{"background-color":"var(--ast-global-color-5)","background-image":"","background-repeat":"repeat","background-position":"center center","background-size":"auto","background-attachment":"scroll","background-type":"","background-media":"","overlay-type":"","overlay-color":"","overlay-opacity":"","overlay-gradient":""},"tablet":{"background-color":"var(--ast-global-color-5)","background-image":"","background-repeat":"repeat","background-position":"center center","background-size":"auto","background-attachment":"scroll","background-type":"","background-media":"","overlay-type":"","overlay-color":"","overlay-opacity":"","overlay-gradient":""},"mobile":{"background-color":"var(--ast-global-color-5)","background-image":"","background-repeat":"repeat","background-position":"center center","background-size":"auto","background-attachment":"scroll","background-type":"","background-media":"","overlay-type":"","overlay-color":"","overlay-opacity":"","overlay-gradient":""}},"footnotes":""},"class_list":["post-8960","page","type-page","status-publish","hentry"],"yoast_head":"<!-- This site is optimized with the Yoast SEO plugin v27.3 - https:\/\/yoast.com\/product\/yoast-seo-wordpress\/ -->\n<title>Bio - PERE PASCUAL<\/title>\n<meta name=\"robots\" content=\"index, follow, max-snippet:-1, max-image-preview:large, max-video-preview:-1\" \/>\n<link rel=\"canonical\" href=\"http:\/\/www.perepascual.com\/?page_id=8960\" \/>\n<meta property=\"og:locale\" content=\"es_ES\" \/>\n<meta property=\"og:type\" content=\"article\" \/>\n<meta property=\"og:title\" content=\"Bio - PERE PASCUAL\" \/>\n<meta property=\"og:description\" content=\"Pere Pascual Artista visual \u00a0 \u00a0 Fot\u00f3grafo profesional desde 1990, en \u00e1mbitos de la fotograf\u00eda como la arquitectura, gastronom\u00eda. Publicidad y el reportaje de viajes. \u00a0 \u00a0 Estudios fotogr\u00e1ficos en la escuela Gris-art, de Barcelona. Iluminaci\u00f3n y gran formato. \u00a0 He colaborado en diversos proyectos fotogr\u00e1ficos para publicaciones de viajes: \u00a0 Descobrir Catalunya Descubrir Alta\u00efr [&hellip;]\" \/>\n<meta property=\"og:url\" content=\"http:\/\/www.perepascual.com\/?page_id=8960\" \/>\n<meta property=\"og:site_name\" content=\"PERE PASCUAL\" \/>\n<meta property=\"article:modified_time\" content=\"2024-10-02T10:55:44+00:00\" \/>\n<meta name=\"twitter:card\" content=\"summary_large_image\" \/>\n<meta name=\"twitter:label1\" content=\"Tiempo de lectura\" \/>\n\t<meta name=\"twitter:data1\" content=\"2 minutos\" \/>\n<script type=\"application\/ld+json\" class=\"yoast-schema-graph\">{\"@context\":\"https:\\\/\\\/schema.org\",\"@graph\":[{\"@type\":\"WebPage\",\"@id\":\"http:\\\/\\\/www.perepascual.com\\\/?page_id=8960\",\"url\":\"http:\\\/\\\/www.perepascual.com\\\/?page_id=8960\",\"name\":\"Bio - PERE PASCUAL\",\"isPartOf\":{\"@id\":\"http:\\\/\\\/www.perepascual.com\\\/#website\"},\"datePublished\":\"2024-10-02T09:42:54+00:00\",\"dateModified\":\"2024-10-02T10:55:44+00:00\",\"breadcrumb\":{\"@id\":\"http:\\\/\\\/www.perepascual.com\\\/?page_id=8960#breadcrumb\"},\"inLanguage\":\"es\",\"potentialAction\":[{\"@type\":\"ReadAction\",\"target\":[\"http:\\\/\\\/www.perepascual.com\\\/?page_id=8960\"]}]},{\"@type\":\"BreadcrumbList\",\"@id\":\"http:\\\/\\\/www.perepascual.com\\\/?page_id=8960#breadcrumb\",\"itemListElement\":[{\"@type\":\"ListItem\",\"position\":1,\"name\":\"Portada\",\"item\":\"http:\\\/\\\/www.perepascual.com\\\/\"},{\"@type\":\"ListItem\",\"position\":2,\"name\":\"Bio\"}]},{\"@type\":\"WebSite\",\"@id\":\"http:\\\/\\\/www.perepascual.com\\\/#website\",\"url\":\"http:\\\/\\\/www.perepascual.com\\\/\",\"name\":\"PERE PASCUAL\",\"description\":\"Artista visual\",\"publisher\":{\"@id\":\"http:\\\/\\\/www.perepascual.com\\\/#\\\/schema\\\/person\\\/9fffb873a999860daaa19b4674f99748\"},\"potentialAction\":[{\"@type\":\"SearchAction\",\"target\":{\"@type\":\"EntryPoint\",\"urlTemplate\":\"http:\\\/\\\/www.perepascual.com\\\/?s={search_term_string}\"},\"query-input\":{\"@type\":\"PropertyValueSpecification\",\"valueRequired\":true,\"valueName\":\"search_term_string\"}}],\"inLanguage\":\"es\"},{\"@type\":[\"Person\",\"Organization\"],\"@id\":\"http:\\\/\\\/www.perepascual.com\\\/#\\\/schema\\\/person\\\/9fffb873a999860daaa19b4674f99748\",\"name\":\"perepascual\",\"image\":{\"@type\":\"ImageObject\",\"inLanguage\":\"es\",\"@id\":\"http:\\\/\\\/www.perepascual.com\\\/wp-content\\\/uploads\\\/2021\\\/09\\\/Frescos_9975_Remolacha-5.jpg\",\"url\":\"http:\\\/\\\/www.perepascual.com\\\/wp-content\\\/uploads\\\/2021\\\/09\\\/Frescos_9975_Remolacha-5.jpg\",\"contentUrl\":\"http:\\\/\\\/www.perepascual.com\\\/wp-content\\\/uploads\\\/2021\\\/09\\\/Frescos_9975_Remolacha-5.jpg\",\"width\":2000,\"height\":1335,\"caption\":\"perepascual\"},\"logo\":{\"@id\":\"http:\\\/\\\/www.perepascual.com\\\/wp-content\\\/uploads\\\/2021\\\/09\\\/Frescos_9975_Remolacha-5.jpg\"},\"sameAs\":[\"http:\\\/\\\/www.perepascual.com\"]}]}<\/script>\n<!-- \/ Yoast SEO plugin. -->","yoast_head_json":{"title":"Bio - PERE PASCUAL","robots":{"index":"index","follow":"follow","max-snippet":"max-snippet:-1","max-image-preview":"max-image-preview:large","max-video-preview":"max-video-preview:-1"},"canonical":"http:\/\/www.perepascual.com\/?page_id=8960","og_locale":"es_ES","og_type":"article","og_title":"Bio - PERE PASCUAL","og_description":"Pere Pascual Artista visual \u00a0 \u00a0 Fot\u00f3grafo profesional desde 1990, en \u00e1mbitos de la fotograf\u00eda como la arquitectura, gastronom\u00eda. Publicidad y el reportaje de viajes. \u00a0 \u00a0 Estudios fotogr\u00e1ficos en la escuela Gris-art, de Barcelona. Iluminaci\u00f3n y gran formato. \u00a0 He colaborado en diversos proyectos fotogr\u00e1ficos para publicaciones de viajes: \u00a0 Descobrir Catalunya Descubrir Alta\u00efr [&hellip;]","og_url":"http:\/\/www.perepascual.com\/?page_id=8960","og_site_name":"PERE PASCUAL","article_modified_time":"2024-10-02T10:55:44+00:00","twitter_card":"summary_large_image","twitter_misc":{"Tiempo de lectura":"2 minutos"},"schema":{"@context":"https:\/\/schema.org","@graph":[{"@type":"WebPage","@id":"http:\/\/www.perepascual.com\/?page_id=8960","url":"http:\/\/www.perepascual.com\/?page_id=8960","name":"Bio - PERE PASCUAL","isPartOf":{"@id":"http:\/\/www.perepascual.com\/#website"},"datePublished":"2024-10-02T09:42:54+00:00","dateModified":"2024-10-02T10:55:44+00:00","breadcrumb":{"@id":"http:\/\/www.perepascual.com\/?page_id=8960#breadcrumb"},"inLanguage":"es","potentialAction":[{"@type":"ReadAction","target":["http:\/\/www.perepascual.com\/?page_id=8960"]}]},{"@type":"BreadcrumbList","@id":"http:\/\/www.perepascual.com\/?page_id=8960#breadcrumb","itemListElement":[{"@type":"ListItem","position":1,"name":"Portada","item":"http:\/\/www.perepascual.com\/"},{"@type":"ListItem","position":2,"name":"Bio"}]},{"@type":"WebSite","@id":"http:\/\/www.perepascual.com\/#website","url":"http:\/\/www.perepascual.com\/","name":"PERE PASCUAL","description":"Artista visual","publisher":{"@id":"http:\/\/www.perepascual.com\/#\/schema\/person\/9fffb873a999860daaa19b4674f99748"},"potentialAction":[{"@type":"SearchAction","target":{"@type":"EntryPoint","urlTemplate":"http:\/\/www.perepascual.com\/?s={search_term_string}"},"query-input":{"@type":"PropertyValueSpecification","valueRequired":true,"valueName":"search_term_string"}}],"inLanguage":"es"},{"@type":["Person","Organization"],"@id":"http:\/\/www.perepascual.com\/#\/schema\/person\/9fffb873a999860daaa19b4674f99748","name":"perepascual","image":{"@type":"ImageObject","inLanguage":"es","@id":"http:\/\/www.perepascual.com\/wp-content\/uploads\/2021\/09\/Frescos_9975_Remolacha-5.jpg","url":"http:\/\/www.perepascual.com\/wp-content\/uploads\/2021\/09\/Frescos_9975_Remolacha-5.jpg","contentUrl":"http:\/\/www.perepascual.com\/wp-content\/uploads\/2021\/09\/Frescos_9975_Remolacha-5.jpg","width":2000,"height":1335,"caption":"perepascual"},"logo":{"@id":"http:\/\/www.perepascual.com\/wp-content\/uploads\/2021\/09\/Frescos_9975_Remolacha-5.jpg"},"sameAs":["http:\/\/www.perepascual.com"]}]}},"_links":{"self":[{"href":"http:\/\/www.perepascual.com\/index.php?rest_route=\/wp\/v2\/pages\/8960","targetHints":{"allow":["GET"]}}],"collection":[{"href":"http:\/\/www.perepascual.com\/index.php?rest_route=\/wp\/v2\/pages"}],"about":[{"href":"http:\/\/www.perepascual.com\/index.php?rest_route=\/wp\/v2\/types\/page"}],"author":[{"embeddable":true,"href":"http:\/\/www.perepascual.com\/index.php?rest_route=\/wp\/v2\/users\/1"}],"replies":[{"embeddable":true,"href":"http:\/\/www.perepascual.com\/index.php?rest_route=%2Fwp%2Fv2%2Fcomments&post=8960"}],"version-history":[{"count":4,"href":"http:\/\/www.perepascual.com\/index.php?rest_route=\/wp\/v2\/pages\/8960\/revisions"}],"predecessor-version":[{"id":8967,"href":"http:\/\/www.perepascual.com\/index.php?rest_route=\/wp\/v2\/pages\/8960\/revisions\/8967"}],"wp:attachment":[{"href":"http:\/\/www.perepascual.com\/index.php?rest_route=%2Fwp%2Fv2%2Fmedia&parent=8960"}],"curies":[{"name":"wp","href":"https:\/\/api.w.org\/{rel}","templated":true}]}}